2, what is -11110 - 1001?
-100111
In base 12, what is a7 - 17?
90
In base 3, what is 1012021 - -11?
1012102
In base 10, what is 5046 + -3?
5043
In base 6, what is 1 - 431?
-430
In base 7, what is 1 + 1010?
1011
In base 15, what is -46a - 0?
-46a
In base 8, what is 14 - -2?
16
In base 5, what is 0 + 2321?
2321
In base 12, what is 0 - -111?
111
In base 16, what is 14 + -3?
11
In base 2, what is 1110 + -100?
1010
In base 3, what is -20 - -122?
102
In base 16, what is 1 + -17?
-16
In base 15, what is -2 + 623?
621
In base 2, what is 1100100 + -11?
1100001
In base 15, what is 3 + 66a?
66d
In base 12, what is 18a - 5?
185
In base 10, what is 77 + 7?
84
In base 13, what is -1 + 2a?
29
In base 15, what is -4 + -100?
-104
In base 14, what is -2b - 2?
-2d
In base 10, what is 159 + -25?
134
In base 11, what is 2 + 58?
5a
In base 3, what is 1000120 - 11?
1000102
In base 2, what is 0 - -10110001110?
10110001110
In base 7, what is -5456 - 2?
-5461
In base 13, what is 3 + -1bc4?
-1bc1
In base 12, what is 1446 - -1?
1447
In base 3, what is 12 - -222122?
222211
In base 6, what is -1051 - 45?
-1140
In base 16, what is -23 + c?
-17
In base 14, what is -1 + -4c?
-4d
In base 7, what is 24144 - -5?
24152
In base 8, what is 0 + 6?
6
In base 10, what is -9 + 29?
20
In base 15, what is -1 + 3?
2
In base 8, what is -1 + -232?
-233
In base 8, what is 12 + -2421?
-2407
In base 6, what is -10 + 131?
121
In base 2, what is -101 - 110011010101?
-110011011010
In base 4, what is 1 - -121103?
121110
In base 15, what is -95 - -5?
-90
In base 8, what is -31 + 12?
-17
In base 11, what is -1 - 6?
-7
In base 2, what is 1110 - -10000100?
10010010
In base 6, what is 4010 - 3?
4003
In base 13, what is 3 + -148?
-145
In base 16, what is -5 - -1476?
1471
In base 5, what is 4021 + -10?
4011
In base 15, what is -2 - -7?
5
In base 2, what is 100010 - -1001?
101011
In base 16, what is -7f - 41?
-c0
In base 4, what is 3123 - -2?
3131
In base 9, what is -14 - 6?
-21
In base 2, what is 1001111101 + -10001?
1001101100
In base 4, what is -1031 + 0?
-1031
In base 3, what is 10221 + 101011?
112002
In base 15, what is -5 + -1ed?
-203
In base 15, what is 0 + 918?
918
In base 4, what is 21 + 101?
122
In base 4, what is 2130 - -12?
2202
In base 13, what is -11c + -21?
-140
In base 5, what is 14200 - 4?
14141
In base 5, what is -1 + -30110?
-30111
In base 10, what is -17 - 11?
-28
In base 7, what is -21 - -45?
24
In base 6, what is -22435 + 3?
-22432
In base 15, what is 36 + a?
41
In base 11, what is -a89 - -2?
-a87
In base 14, what is 124 + -15?
10d
In base 7, what is 22 + -63?
-41
In base 7, what is -4 + 5163?
5156
In base 3, what is 222 - -20?
1012
In base 13, what is -365 + -2?
-367
In base 16, what is 3 - 482?
-47f
In base 5, what is 4 + 132001?
132010
In base 8, what is -13 - -41?
26
In base 3, what is 120 - -11002?
11122
In base 4, what is 10 - -33100?
33110
In base 7, what is -1316 + 0?
-1316
In base 8, what is 5 + 45?
52
In base 8, what is -205 + -72?
-277
In base 13, what is -2 + -60?
-62
In base 5, what is 24 - 21?
3
In base 9, what is 5 - -52?
57
In base 9, what is 4 - -68?
73
In base 11, what is 5 - 294?
-28a
In base 12, what is 2 - 124?
-122
In base 16, what is -14 + 6bf?
6ab
In base 14, what is 3ca - -2?
3cc
In base 4, what is -30 + -131?
-221
In base 11, what is 615 - 1?
614
In base 9, what is 43 + -5?
37
In base 2, what is 11100101 + -1?
11100100
In base 16, what is -1c1 - -6?
-1bb
In base 2, what is -10100 + 1111001?
1100101
In base 5, what is -10 + 4121?
4111
In base 13, what is -2 + -2a93?
-2a95
In base 12, what is 3 + 383?
386
In base 4, what is -11 - -30021?
30010
In base 7, what is 5 + 6133?
6141
In base 5, what is 202 - -1?
203
In base 9, what is 8745 - -1?
8746
In base 2, what is -100010010 - 111?
-100011001
In base 4, what is 2221 - -1?
2222
In base 12, what is 4 - -4319?
4321
In base 9, what is 4 - -23?
27
In base 12, what is -2b + -6?
-35
In base 16, what is -3b5 + -1?
-3b6
In base 16, what is -7d + -5?
-82
In base 11, what is 3 + 1819?
1821
In base 16, what is -11 - f?
-20
In base 6, what is -10 - -101?
51
In base 12, what is -367 - 2?
-369
In base 14, what is -4 + -25?
-29
In base 4, what is -113 + 11123?
11010
In base 6, what is 202500 + 4?
202504
In base 6, what is -1221 + 4?
-1213
In base 10, what is -1 + -310?
-311
In base 10, what is -22 - 4?
-26
In base 2, what is 11101101 - -101?
11110010
In base 13, what is -1401 - 0?
-1401
In base 15, what is -1 + 26b?
26a
In base 9, what is -3 - 315?
-318
In base 11, what is 1376 - 3?
1373
In base 8, what is -405 - 5?
-412
In base 2, what is -100000010 - 11?
-100000101
In base 10, what is 3834 - 4?
3830
In base 9, what is 47 - 103?
-45
In base 15, what is 96 + -3?
93
In base 12, what is -94 + 1?
-93
In base 5, what is 2141 - -4?
2200
In base 13, what is -2 - 5b?
-60
In base 10, what is 5 + 1412?
1417
In base 5, what is -134 + -23?
-212
In base 5, what is 430 + 14?
444
In base 14, what is 1 + -1d?
-1c
In base 11, what is 1a + -56?
-37
In base 3, what is 12 - 1211021?
-1211002
In base 8, what is 4 + 6410?
6414
In base 16, what is -40 + -26?
-66
In base 3, what is 210210 - 11?
210122
In base 4, what is 2 - 2?
0
In base 12, what is -4 - 6b?
-73
In base 3, what is 201002 + -1101?
122201
In base 11, what is 587 + -2?
585
In base 16, what is 5 - -5a?
5f
In base 14, what is 0 + -949?
-949
In base 11, what is -15 + 210?
1a6
In base 16, what is -f + 39?
2a
In base 13, what is 3a8 + -14?
394
In base 9, what is -8086 + -4?
-8101
In base 10, what is 434 + 7?
441
In base 6, what is 1105 - -2?
1111
In base 9, what is -47 + 230?
172
In base 5, what is -12 + 22?
10
In base 8, what is -14727 - 5?
-14734
In base 7, what is 2115 + -1?
2114
In base 16, what is 2b21 - -5?
2b26
In base 9, what is -215 - 11?
-226
In base 2, what is 10000100010 + 11?
10000100101
In base 11, what is 4 - -1262?
1266
In base 16, what is 45 - 11?
34
In base 12, what is 2 - 143?
-141
In base 14, what is 5 - -7d3?
7d8
In base 2, what is 11 + -111100?
-111001
In base 16, what is 96d + 1?
96e
In base 14, what is -6 + 12d?
127
In base 14, what is a - 3?
7
In base 4, what is 2202 - -11?
2213
In base 14, what is 0 + -30?
-30
In base 5, what is 4 - 100?
-41
In base 13, what is 2 - 65?
-63
In base 11, what is 4 - -2?
6
In base 15, what is -11 + -2?
-13
In base 3, what is -11000 + 121?
-10102
In base 7, what is -1 - 110?
-111
In base 12, what is 17b51 + 4?
17b55
In base 13, what is -aa - 0?
-aa
In base 14, what is -44 + 3?
-41
In base 7, what is -14425 - 1?
-14426
In base 14, what is 7 - -41d?
426
In base 8, what is -242 - -20?
-222
In base 5, what is -111 - -13?
-43
In base 7, what is -5 + 256?
251
In base 2, what is -1 - 101?
-110
In base 12, what is 11 + -28?
-17
In base 4, what is -1301 - 10?
-1311
In base 15, what is -98 - 8?
-a1
In base 13, what is 10 + -254?
-244
In base 8, what is -51 - 1101?
-1152
In base 2, what is -100100110110 + 1110?
-100100101000
In base 14, what is -d - -126?
117
In base 10, what is -5 + 362?
357
In base 16, what is 1 - -b8?
b9
In base 16, what is -884 + -1?
-885
In base 10, what is 53 + 7?
60
In base 11, what is -4159 - 4?
-4162
In base 5, what is 3 + 33340?
33343
In base 13, what is -48 + 41?
-7
In base 14, what is -15 - 49?
-60
In base 13, what is -11 - 33?
-44
In base 3, what is -1122021 + -11?
-1122102
In base 4, what is -11 - -120?
103
In base 6, what is -332 - 1?
-333
In base 11, what is -1 - 158?
-159
In base 13, what is -2 - 15?
-17
In base 9, what is 4 - -327?
332
In base 8, what is -42 + 42?
0
In base 8, what is 170 - 1?
167
In base 5, what is 1301 + 332?
2133
In base 8, what is 204 + 4?
210
In base 4, what is 3011 - 110?
2301
In base 12, what is 5797 + -1?
5796
In base 10, what is 0 - 57?
-57
In base 3, what is 2222 - 222?
2000
In base 10, what is 4 - 271?
-267
In base 2, what is 101101 - -10?
101111
In base 3, what is -121 + -1011001?
-1011122
In base 9, what is -655 + 4?
-651
In base 8, what is 22 - -65?
107
In base 3, what is -12 - -1112?
1100
In base 15, what is 20b + 2?
20d
In base 14, what is -49 - 3?
-4c
In base 7, what is 3 + -214?
-211
In base 13, what is 2a6 + 3?
2a9
In base 9, what is -1 + -3238?
-3240
In base 2, what is -1111111 - 100?
-10000011
In base 6, what is 43 + -241?
-154
In base 8, what is -3 - -100?
75
In base 2, w